{"id":8088,"date":"2022-06-18T16:24:57","date_gmt":"2022-06-18T19:24:57","guid":{"rendered":"https:\/\/homolog.harald.com.br\/site-2026\/?page_id=8088"},"modified":"2026-01-05T12:24:29","modified_gmt":"2026-01-05T15:24:29","slug":"fale-conosco","status":"publish","type":"page","link":"https:\/\/homolog.harald.com.br\/site-2026\/fale-conosco\/","title":{"rendered":"Fale Conosco"},"content":{"rendered":"\n<div class=\"wp-block-uagb-container uagb-block-02a778e2 alignfull uagb-is-root-container\"><div class=\"uagb-container-inner-blocks-wrap\">\n<div class=\"wp-block-uagb-container uagb-block-43a75ec8\">\n<p>Se voc\u00ea quer entrar em contato com a nossa equipe para tirar uma d\u00favida, fazer uma sugest\u00e3o ou saber mais sobre nossos neg\u00f3cios, ficaremos contentes em te ajudar!<\/p>\n<\/div>\n\n\n\n<div class=\"wp-block-uagb-container uagb-block-0bae732a\"><\/div>\n<\/div><\/div>\n\n\n\n<div class=\"wp-block-uagb-container fale-conosco-list uagb-block-a01955b8 alignfull uagb-is-root-container\"><div class=\"uagb-container-inner-blocks-wrap\">\t<ul class=\"subpages-thumbnail-list \">\n\t\t\t\t\t<li class=\"subpages-thumbnail-list-item\">\n\t\t\t\t<a class=\"subpages-thumbnail-item-link\" href=\"https:\/\/homolog.harald.com.br\/site-2026\/fale-conosco\/fornecedores-revendedores-e-embaixadores\/\">\n\t\t\t\t\t<figure class=\"subpages-thumbnail-item-figure wp-block-post-featured-image\">\n\t\t\t\t\t\t<img decoding=\"async\" src=\"https:\/\/homolog.harald.com.br\/site-2026\/wp-content\/uploads\/2026\/01\/suppliers-resellers.webp\" alt=\"\" height=\"100\" class=\"subpages-thumbnail-item-image wp-post-image\">\n\t\t\t\t\t\t<h3 class=\"subpages-thumbnail-item-title\">Fornecedores, revendedores e embaixadores<\/h3>\n\t\t\t\t\t<\/figure>\n\t\t\t\t<\/a>\n\t\t\t<\/li>\n\t\t\t\t\t\t<li class=\"subpages-thumbnail-list-item\">\n\t\t\t\t<a class=\"subpages-thumbnail-item-link\" href=\"https:\/\/homolog.harald.com.br\/site-2026\/fale-conosco\/trabalhe-conosco\/\">\n\t\t\t\t\t<figure class=\"subpages-thumbnail-item-figure wp-block-post-featured-image\">\n\t\t\t\t\t\t<img decoding=\"async\" src=\"https:\/\/homolog.harald.com.br\/site-2026\/wp-content\/uploads\/2026\/01\/work-with-us.webp\" alt=\"\" height=\"100\" class=\"subpages-thumbnail-item-image wp-post-image\">\n\t\t\t\t\t\t<h3 class=\"subpages-thumbnail-item-title\">Trabalhe Conosco<\/h3>\n\t\t\t\t\t<\/figure>\n\t\t\t\t<\/a>\n\t\t\t<\/li>\n\t\t\t\t\t\t<li class=\"subpages-thumbnail-list-item\">\n\t\t\t\t<a class=\"subpages-thumbnail-item-link\" href=\"https:\/\/homolog.harald.com.br\/site-2026\/fale-conosco\/atendimento-a-imprensa\/\">\n\t\t\t\t\t<figure class=\"subpages-thumbnail-item-figure wp-block-post-featured-image\">\n\t\t\t\t\t\t<img decoding=\"async\" src=\"https:\/\/homolog.harald.com.br\/site-2026\/wp-content\/uploads\/2026\/01\/press.webp\" alt=\"\" height=\"100\" class=\"subpages-thumbnail-item-image wp-post-image\">\n\t\t\t\t\t\t<h3 class=\"subpages-thumbnail-item-title\">Atendimento \u00e0 Imprensa<\/h3>\n\t\t\t\t\t<\/figure>\n\t\t\t\t<\/a>\n\t\t\t<\/li>\n\t\t\t\t\t\t<li class=\"subpages-thumbnail-list-item\">\n\t\t\t\t<a class=\"subpages-thumbnail-item-link\" href=\"https:\/\/homolog.harald.com.br\/site-2026\/fale-conosco\/fale-com-nosso-atendimento-ao-consumidor\/\">\n\t\t\t\t\t<figure class=\"subpages-thumbnail-item-figure wp-block-post-featured-image\">\n\t\t\t\t\t\t<img decoding=\"async\" src=\"https:\/\/homolog.harald.com.br\/site-2026\/wp-content\/uploads\/2026\/01\/sac.webp\" alt=\"\" height=\"100\" class=\"subpages-thumbnail-item-image wp-post-image\">\n\t\t\t\t\t\t<h3 class=\"subpages-thumbnail-item-title\">Fale com Nosso Atendimento ao Consumidor<\/h3>\n\t\t\t\t\t<\/figure>\n\t\t\t\t<\/a>\n\t\t\t<\/li>\n\t\t\t\t\t\t<li class=\"subpages-thumbnail-list-item\">\n\t\t\t\t<a class=\"subpages-thumbnail-item-link\" href=\"https:\/\/homolog.harald.com.br\/site-2026\/fale-conosco\/quero-ser-um-embaixador-harald\/\">\n\t\t\t\t\t<figure class=\"subpages-thumbnail-item-figure wp-block-post-featured-image\">\n\t\t\t\t\t\t<img decoding=\"async\" src=\"https:\/\/homolog.harald.com.br\/site-2026\/wp-content\/uploads\/2026\/04\/embaixador.webp\" alt=\"\" height=\"100\" class=\"subpages-thumbnail-item-image wp-post-image\">\n\t\t\t\t\t\t<h3 class=\"subpages-thumbnail-item-title\">Quero Ser um Embaixador Harald<\/h3>\n\t\t\t\t\t<\/figure>\n\t\t\t\t<\/a>\n\t\t\t<\/li>\n\t\t\t\t\t\t<li class=\"subpages-thumbnail-list-item\">\n\t\t\t\t<a class=\"subpages-thumbnail-item-link\" href=\"https:\/\/homolog.harald.com.br\/site-2026\/fale-conosco\/quero-ser-um-revendedor\/\">\n\t\t\t\t\t<figure class=\"subpages-thumbnail-item-figure wp-block-post-featured-image\">\n\t\t\t\t\t\t<img decoding=\"async\" src=\"https:\/\/homolog.harald.com.br\/site-2026\/wp-content\/uploads\/2026\/04\/revendedor.webp\" alt=\"\" height=\"100\" class=\"subpages-thumbnail-item-image wp-post-image\">\n\t\t\t\t\t\t<h3 class=\"subpages-thumbnail-item-title\">Quero Ser um Revendedor<\/h3>\n\t\t\t\t\t<\/figure>\n\t\t\t\t<\/a>\n\t\t\t<\/li>\n\t\t\t\t\t\t<li class=\"subpages-thumbnail-list-item\">\n\t\t\t\t<a class=\"subpages-thumbnail-item-link\" href=\"https:\/\/homolog.harald.com.br\/site-2026\/fale-conosco\/quero-ser-um-fornecedor\/\">\n\t\t\t\t\t<figure class=\"subpages-thumbnail-item-figure wp-block-post-featured-image\">\n\t\t\t\t\t\t<img decoding=\"async\" src=\"https:\/\/homolog.harald.com.br\/site-2026\/wp-content\/uploads\/2026\/04\/fornecedor.webp\" alt=\"\" height=\"100\" class=\"subpages-thumbnail-item-image wp-post-image\">\n\t\t\t\t\t\t<h3 class=\"subpages-thumbnail-item-title\">Quero Ser um Fornecedor<\/h3>\n\t\t\t\t\t<\/figure>\n\t\t\t\t<\/a>\n\t\t\t<\/li>\n\t\t\t\t<\/ul>\n\t<\/div><\/div>\n\n\n\n<p><\/p>\n","protected":false},"excerpt":{"rendered":"<p>Se voc\u00ea quer entrar em contato com a nossa equipe para tirar uma d\u00favida, fazer uma sugest\u00e3o ou saber mais sobre nossos neg\u00f3cios, ficaremos contentes em te ajudar!<\/p>\n","protected":false},"author":1,"featured_media":8557,"parent":0,"menu_order":0,"comment_status":"closed","ping_status":"closed","template":"","meta":{"_acf_changed":false,"_uag_custom_page_level_css":"","footnotes":""},"class_list":["post-8088","page","type-page","status-publish","has-post-thumbnail","hentry"],"acf":[],"yoast_head":"<!-- This site is optimized with the Yoast SEO plugin v26.3 - https:\/\/yoast.com\/wordpress\/plugins\/seo\/ -->\n<title>Fale Conosco - Harald<\/title>\n<meta name=\"robots\" content=\"noindex, follow, max-snippet:-1, max-image-preview:large, max-video-preview:-1\" \/>\n<meta property=\"og:locale\" content=\"pt_BR\" \/>\n<meta property=\"og:type\" content=\"article\" \/>\n<meta property=\"og:title\" content=\"Fale Conosco - Harald\" \/>\n<meta property=\"og:description\" content=\"Se voc\u00ea quer entrar em contato com a nossa equipe para tirar uma d\u00favida, fazer uma sugest\u00e3o ou saber mais sobre nossos neg\u00f3cios, ficaremos contentes em te ajudar!\" \/>\n<meta property=\"og:url\" content=\"https:\/\/homolog.harald.com.br\/site-2026\/fale-conosco\/\" \/>\n<meta property=\"og:site_name\" content=\"Harald\" \/>\n<meta property=\"article:publisher\" content=\"https:\/\/www.facebook.com\/HaraldChocolates\/\" \/>\n<meta property=\"article:modified_time\" content=\"2026-01-05T15:24:29+00:00\" \/>\n<meta property=\"og:image\" content=\"https:\/\/homolog.harald.com.br\/site-2026\/wp-content\/uploads\/2022\/07\/banner-bg-12.png\" \/>\n\t<meta property=\"og:image:width\" content=\"1920\" \/>\n\t<meta property=\"og:image:height\" content=\"680\" \/>\n\t<meta property=\"og:image:type\" content=\"image\/png\" \/>\n<meta name=\"twitter:card\" content=\"summary_large_image\" \/>\n<meta name=\"twitter:label1\" content=\"Est. tempo de leitura\" \/>\n\t<meta name=\"twitter:data1\" content=\"1 minuto\" \/>\n<script type=\"application\/ld+json\" class=\"yoast-schema-graph\">{\"@context\":\"https:\/\/schema.org\",\"@graph\":[{\"@type\":\"WebPage\",\"@id\":\"https:\/\/homolog.harald.com.br\/site-2026\/fale-conosco\/\",\"url\":\"https:\/\/homolog.harald.com.br\/site-2026\/fale-conosco\/\",\"name\":\"Fale Conosco - Harald\",\"isPartOf\":{\"@id\":\"https:\/\/homolog.harald.com.br\/site-2026\/#website\"},\"primaryImageOfPage\":{\"@id\":\"https:\/\/homolog.harald.com.br\/site-2026\/fale-conosco\/#primaryimage\"},\"image\":{\"@id\":\"https:\/\/homolog.harald.com.br\/site-2026\/fale-conosco\/#primaryimage\"},\"thumbnailUrl\":\"https:\/\/homolog.harald.com.br\/site-2026\/wp-content\/uploads\/2022\/07\/banner-bg-12.png\",\"datePublished\":\"2022-06-18T19:24:57+00:00\",\"dateModified\":\"2026-01-05T15:24:29+00:00\",\"breadcrumb\":{\"@id\":\"https:\/\/homolog.harald.com.br\/site-2026\/fale-conosco\/#breadcrumb\"},\"inLanguage\":\"pt-BR\",\"potentialAction\":[{\"@type\":\"ReadAction\",\"target\":[\"https:\/\/homolog.harald.com.br\/site-2026\/fale-conosco\/\"]}]},{\"@type\":\"ImageObject\",\"inLanguage\":\"pt-BR\",\"@id\":\"https:\/\/homolog.harald.com.br\/site-2026\/fale-conosco\/#primaryimage\",\"url\":\"https:\/\/homolog.harald.com.br\/site-2026\/wp-content\/uploads\/2022\/07\/banner-bg-12.png\",\"contentUrl\":\"https:\/\/homolog.harald.com.br\/site-2026\/wp-content\/uploads\/2022\/07\/banner-bg-12.png\",\"width\":1920,\"height\":680},{\"@type\":\"BreadcrumbList\",\"@id\":\"https:\/\/homolog.harald.com.br\/site-2026\/fale-conosco\/#breadcrumb\",\"itemListElement\":[{\"@type\":\"ListItem\",\"position\":1,\"name\":\"In\u00edcio\",\"item\":\"https:\/\/homolog.harald.com.br\/site-2026\/\"},{\"@type\":\"ListItem\",\"position\":2,\"name\":\"Fale Conosco\"}]},{\"@type\":\"WebSite\",\"@id\":\"https:\/\/homolog.harald.com.br\/site-2026\/#website\",\"url\":\"https:\/\/homolog.harald.com.br\/site-2026\/\",\"name\":\"Harald\",\"description\":\"Fazer melhor \u00e9 fazer com paix\u00e3o\",\"publisher\":{\"@id\":\"https:\/\/homolog.harald.com.br\/site-2026\/#organization\"},\"potentialAction\":[{\"@type\":\"SearchAction\",\"target\":{\"@type\":\"EntryPoint\",\"urlTemplate\":\"https:\/\/homolog.harald.com.br\/site-2026\/?s={search_term_string}\"},\"query-input\":{\"@type\":\"PropertyValueSpecification\",\"valueRequired\":true,\"valueName\":\"search_term_string\"}}],\"inLanguage\":\"pt-BR\"},{\"@type\":\"Organization\",\"@id\":\"https:\/\/homolog.harald.com.br\/site-2026\/#organization\",\"name\":\"Harald\",\"url\":\"https:\/\/homolog.harald.com.br\/site-2026\/\",\"logo\":{\"@type\":\"ImageObject\",\"inLanguage\":\"pt-BR\",\"@id\":\"https:\/\/homolog.harald.com.br\/site-2026\/#\/schema\/logo\/image\/\",\"url\":\"https:\/\/homolog.harald.com.br\/site-2026\/wp-content\/uploads\/2022\/09\/logo-harald-cmyk-ss.png\",\"contentUrl\":\"https:\/\/homolog.harald.com.br\/site-2026\/wp-content\/uploads\/2022\/09\/logo-harald-cmyk-ss.png\",\"width\":1948,\"height\":1051,\"caption\":\"Harald\"},\"image\":{\"@id\":\"https:\/\/homolog.harald.com.br\/site-2026\/#\/schema\/logo\/image\/\"},\"sameAs\":[\"https:\/\/www.facebook.com\/HaraldChocolates\/\",\"https:\/\/www.youtube.com\/user\/HaraldChocolates\"]}]}<\/script>\n<!-- \/ Yoast SEO plugin. -->","yoast_head_json":{"title":"Fale Conosco - Harald","robots":{"index":"noindex","follow":"follow","max-snippet":"max-snippet:-1","max-image-preview":"max-image-preview:large","max-video-preview":"max-video-preview:-1"},"og_locale":"pt_BR","og_type":"article","og_title":"Fale Conosco - Harald","og_description":"Se voc\u00ea quer entrar em contato com a nossa equipe para tirar uma d\u00favida, fazer uma sugest\u00e3o ou saber mais sobre nossos neg\u00f3cios, ficaremos contentes em te ajudar!","og_url":"https:\/\/homolog.harald.com.br\/site-2026\/fale-conosco\/","og_site_name":"Harald","article_publisher":"https:\/\/www.facebook.com\/HaraldChocolates\/","article_modified_time":"2026-01-05T15:24:29+00:00","og_image":[{"width":1920,"height":680,"url":"https:\/\/homolog.harald.com.br\/site-2026\/wp-content\/uploads\/2022\/07\/banner-bg-12.png","type":"image\/png"}],"twitter_card":"summary_large_image","twitter_misc":{"Est. tempo de leitura":"1 minuto"},"schema":{"@context":"https:\/\/schema.org","@graph":[{"@type":"WebPage","@id":"https:\/\/homolog.harald.com.br\/site-2026\/fale-conosco\/","url":"https:\/\/homolog.harald.com.br\/site-2026\/fale-conosco\/","name":"Fale Conosco - Harald","isPartOf":{"@id":"https:\/\/homolog.harald.com.br\/site-2026\/#website"},"primaryImageOfPage":{"@id":"https:\/\/homolog.harald.com.br\/site-2026\/fale-conosco\/#primaryimage"},"image":{"@id":"https:\/\/homolog.harald.com.br\/site-2026\/fale-conosco\/#primaryimage"},"thumbnailUrl":"https:\/\/homolog.harald.com.br\/site-2026\/wp-content\/uploads\/2022\/07\/banner-bg-12.png","datePublished":"2022-06-18T19:24:57+00:00","dateModified":"2026-01-05T15:24:29+00:00","breadcrumb":{"@id":"https:\/\/homolog.harald.com.br\/site-2026\/fale-conosco\/#breadcrumb"},"inLanguage":"pt-BR","potentialAction":[{"@type":"ReadAction","target":["https:\/\/homolog.harald.com.br\/site-2026\/fale-conosco\/"]}]},{"@type":"ImageObject","inLanguage":"pt-BR","@id":"https:\/\/homolog.harald.com.br\/site-2026\/fale-conosco\/#primaryimage","url":"https:\/\/homolog.harald.com.br\/site-2026\/wp-content\/uploads\/2022\/07\/banner-bg-12.png","contentUrl":"https:\/\/homolog.harald.com.br\/site-2026\/wp-content\/uploads\/2022\/07\/banner-bg-12.png","width":1920,"height":680},{"@type":"BreadcrumbList","@id":"https:\/\/homolog.harald.com.br\/site-2026\/fale-conosco\/#breadcrumb","itemListElement":[{"@type":"ListItem","position":1,"name":"In\u00edcio","item":"https:\/\/homolog.harald.com.br\/site-2026\/"},{"@type":"ListItem","position":2,"name":"Fale Conosco"}]},{"@type":"WebSite","@id":"https:\/\/homolog.harald.com.br\/site-2026\/#website","url":"https:\/\/homolog.harald.com.br\/site-2026\/","name":"Harald","description":"Fazer melhor \u00e9 fazer com paix\u00e3o","publisher":{"@id":"https:\/\/homolog.harald.com.br\/site-2026\/#organization"},"potentialAction":[{"@type":"SearchAction","target":{"@type":"EntryPoint","urlTemplate":"https:\/\/homolog.harald.com.br\/site-2026\/?s={search_term_string}"},"query-input":{"@type":"PropertyValueSpecification","valueRequired":true,"valueName":"search_term_string"}}],"inLanguage":"pt-BR"},{"@type":"Organization","@id":"https:\/\/homolog.harald.com.br\/site-2026\/#organization","name":"Harald","url":"https:\/\/homolog.harald.com.br\/site-2026\/","logo":{"@type":"ImageObject","inLanguage":"pt-BR","@id":"https:\/\/homolog.harald.com.br\/site-2026\/#\/schema\/logo\/image\/","url":"https:\/\/homolog.harald.com.br\/site-2026\/wp-content\/uploads\/2022\/09\/logo-harald-cmyk-ss.png","contentUrl":"https:\/\/homolog.harald.com.br\/site-2026\/wp-content\/uploads\/2022\/09\/logo-harald-cmyk-ss.png","width":1948,"height":1051,"caption":"Harald"},"image":{"@id":"https:\/\/homolog.harald.com.br\/site-2026\/#\/schema\/logo\/image\/"},"sameAs":["https:\/\/www.facebook.com\/HaraldChocolates\/","https:\/\/www.youtube.com\/user\/HaraldChocolates"]}]}},"uagb_featured_image_src":{"full":["https:\/\/homolog.harald.com.br\/site-2026\/wp-content\/uploads\/2022\/07\/banner-bg-12.png",1920,680,false],"thumbnail":["https:\/\/homolog.harald.com.br\/site-2026\/wp-content\/uploads\/2022\/07\/banner-bg-12-150x150.png",150,150,true],"medium":["https:\/\/homolog.harald.com.br\/site-2026\/wp-content\/uploads\/2022\/07\/banner-bg-12-300x106.png",300,106,true],"medium_large":["https:\/\/homolog.harald.com.br\/site-2026\/wp-content\/uploads\/2022\/07\/banner-bg-12-768x272.png",768,272,true],"large":["https:\/\/homolog.harald.com.br\/site-2026\/wp-content\/uploads\/2022\/07\/banner-bg-12-1024x363.png",1024,363,true],"1536x1536":["https:\/\/homolog.harald.com.br\/site-2026\/wp-content\/uploads\/2022\/07\/banner-bg-12-1536x544.png",1536,544,true],"2048x2048":["https:\/\/homolog.harald.com.br\/site-2026\/wp-content\/uploads\/2022\/07\/banner-bg-12.png",1920,680,false],"full-width":["https:\/\/homolog.harald.com.br\/site-2026\/wp-content\/uploads\/2022\/07\/banner-bg-12.png",1920,680,false],"gform-image-choice-sm":["https:\/\/homolog.harald.com.br\/site-2026\/wp-content\/uploads\/2022\/07\/banner-bg-12.png",300,106,false],"gform-image-choice-md":["https:\/\/homolog.harald.com.br\/site-2026\/wp-content\/uploads\/2022\/07\/banner-bg-12.png",400,142,false],"gform-image-choice-lg":["https:\/\/homolog.harald.com.br\/site-2026\/wp-content\/uploads\/2022\/07\/banner-bg-12.png",600,213,false]},"uagb_author_info":{"display_name":"rafaelfndev","author_link":"https:\/\/homolog.harald.com.br\/site-2026\/blog\/author\/rafaelfndev\/"},"uagb_comment_info":0,"uagb_excerpt":"Se voc\u00ea quer entrar em contato com a nossa equipe para tirar uma d\u00favida, fazer uma sugest\u00e3o ou saber mais sobre nossos neg\u00f3cios, ficaremos contentes em te ajudar!","_links":{"self":[{"href":"https:\/\/homolog.harald.com.br\/site-2026\/wp-json\/wp\/v2\/pages\/8088","targetHints":{"allow":["GET"]}}],"collection":[{"href":"https:\/\/homolog.harald.com.br\/site-2026\/wp-json\/wp\/v2\/pages"}],"about":[{"href":"https:\/\/homolog.harald.com.br\/site-2026\/wp-json\/wp\/v2\/types\/page"}],"author":[{"embeddable":true,"href":"https:\/\/homolog.harald.com.br\/site-2026\/wp-json\/wp\/v2\/users\/1"}],"replies":[{"embeddable":true,"href":"https:\/\/homolog.harald.com.br\/site-2026\/wp-json\/wp\/v2\/comments?post=8088"}],"version-history":[{"count":21,"href":"https:\/\/homolog.harald.com.br\/site-2026\/wp-json\/wp\/v2\/pages\/8088\/revisions"}],"predecessor-version":[{"id":343333,"href":"https:\/\/homolog.harald.com.br\/site-2026\/wp-json\/wp\/v2\/pages\/8088\/revisions\/343333"}],"wp:featuredmedia":[{"embeddable":true,"href":"https:\/\/homolog.harald.com.br\/site-2026\/wp-json\/wp\/v2\/media\/8557"}],"wp:attachment":[{"href":"https:\/\/homolog.harald.com.br\/site-2026\/wp-json\/wp\/v2\/media?parent=8088"}],"curies":[{"name":"wp","href":"https:\/\/api.w.org\/{rel}","templated":true}]}}