{"id":8050,"date":"2022-06-17T23:22:42","date_gmt":"2022-06-18T02:22:42","guid":{"rendered":"https:\/\/homolog.harald.com.br\/site-2026\/?page_id=8050"},"modified":"2026-02-01T19:10:58","modified_gmt":"2026-02-01T22:10:58","slug":"sobre-a-harald","status":"publish","type":"page","link":"https:\/\/homolog.harald.com.br\/site-2026\/sobre-a-harald\/","title":{"rendered":"Quem Somos"},"content":{"rendered":"\n<p class=\"has-text-default-color-color has-text-color has-link-color wp-elements-9545ca7c99baa40c6dedb883aaef7953\">Em 2024, a Harald completou 42 anos de uma trajet\u00f3ria que come\u00e7ou em 1888, quando Franz Neugebauer, imigrante alem\u00e3o, instalou-se em Porto Alegre, em busca de novas oportunidades, trazendo consigo t\u00e9cnicas e receitas de confeitaria. De imediato, ele percebeu a car\u00eancia no com\u00e9rcio local de doces, compotas e geleias, e, em 1891, com seu irm\u00e3o Max e o amigo Fritz Gerhardt, deu in\u00edcio \u00e0 fabrica\u00e7\u00e3o desses produtos.<\/p>\n\n\n\t<ul class=\"subpages-thumbnail-list \">\n\t\t\t\t\t<li class=\"subpages-thumbnail-list-item\">\n\t\t\t\t<a class=\"subpages-thumbnail-item-link\" href=\"https:\/\/homolog.harald.com.br\/site-2026\/sobre-a-harald\/estrutura-industrial\/\">\n\t\t\t\t\t<figure class=\"subpages-thumbnail-item-figure wp-block-post-featured-image\">\n\t\t\t\t\t\t<img decoding=\"async\" src=\"https:\/\/homolog.harald.com.br\/site-2026\/wp-content\/uploads\/2026\/01\/estrutura-industrial.webp\" alt=\"\" height=\"100\" class=\"subpages-thumbnail-item-image wp-post-image\">\n\t\t\t\t\t\t<h3 class=\"subpages-thumbnail-item-title\">Estrutura Industrial<\/h3>\n\t\t\t\t\t<\/figure>\n\t\t\t\t<\/a>\n\t\t\t<\/li>\n\t\t\t\t\t\t<li class=\"subpages-thumbnail-list-item\">\n\t\t\t\t<a class=\"subpages-thumbnail-item-link\" href=\"https:\/\/homolog.harald.com.br\/site-2026\/sobre-a-harald\/certificacoes\/\">\n\t\t\t\t\t<figure class=\"subpages-thumbnail-item-figure wp-block-post-featured-image\">\n\t\t\t\t\t\t<img decoding=\"async\" src=\"https:\/\/homolog.harald.com.br\/site-2026\/wp-content\/uploads\/2025\/07\/2025-17-07-14-47-33f4b6819a48d3e0a975c144e04f2c8474.png\" alt=\"\" height=\"100\" class=\"subpages-thumbnail-item-image wp-post-image\">\n\t\t\t\t\t\t<h3 class=\"subpages-thumbnail-item-title\">Certifica\u00e7\u00f5es<\/h3>\n\t\t\t\t\t<\/figure>\n\t\t\t\t<\/a>\n\t\t\t<\/li>\n\t\t\t\t\t\t<li class=\"subpages-thumbnail-list-item\">\n\t\t\t\t<a class=\"subpages-thumbnail-item-link\" href=\"https:\/\/homolog.harald.com.br\/site-2026\/sobre-a-harald\/missao-visao-e-valores\/\">\n\t\t\t\t\t<figure class=\"subpages-thumbnail-item-figure wp-block-post-featured-image\">\n\t\t\t\t\t\t<img decoding=\"async\" src=\"https:\/\/homolog.harald.com.br\/site-2026\/wp-content\/uploads\/2026\/01\/page-mission-vision-values.webp\" alt=\"\" height=\"100\" class=\"subpages-thumbnail-item-image wp-post-image\">\n\t\t\t\t\t\t<h3 class=\"subpages-thumbnail-item-title\">Miss\u00e3o, vis\u00e3o e valores<\/h3>\n\t\t\t\t\t<\/figure>\n\t\t\t\t<\/a>\n\t\t\t<\/li>\n\t\t\t\t\t\t<li class=\"subpages-thumbnail-list-item\">\n\t\t\t\t<a class=\"subpages-thumbnail-item-link\" href=\"https:\/\/homolog.harald.com.br\/site-2026\/sobre-a-harald\/sustentabilidade\/\">\n\t\t\t\t\t<figure class=\"subpages-thumbnail-item-figure wp-block-post-featured-image\">\n\t\t\t\t\t\t<img decoding=\"async\" src=\"https:\/\/homolog.harald.com.br\/site-2026\/wp-content\/uploads\/2024\/05\/aula-na-harald-aldeia-do-futuro-scaled.jpg\" alt=\"\" height=\"100\" class=\"subpages-thumbnail-item-image wp-post-image\">\n\t\t\t\t\t\t<h3 class=\"subpages-thumbnail-item-title\">Sustentabilidade<\/h3>\n\t\t\t\t\t<\/figure>\n\t\t\t\t<\/a>\n\t\t\t<\/li>\n\t\t\t\t\t\t<li class=\"subpages-thumbnail-list-item\">\n\t\t\t\t<a class=\"subpages-thumbnail-item-link\" href=\"https:\/\/homolog.harald.com.br\/site-2026\/sobre-a-harald\/nossa-historia\/\">\n\t\t\t\t\t<figure class=\"subpages-thumbnail-item-figure wp-block-post-featured-image\">\n\t\t\t\t\t\t<img decoding=\"async\" src=\"https:\/\/homolog.harald.com.br\/site-2026\/wp-content\/uploads\/2022\/06\/banner-bg-4-m.png\" alt=\"\" height=\"100\" class=\"subpages-thumbnail-item-image wp-post-image\">\n\t\t\t\t\t\t<h3 class=\"subpages-thumbnail-item-title\">Nossa Hist\u00f3ria<\/h3>\n\t\t\t\t\t<\/figure>\n\t\t\t\t<\/a>\n\t\t\t<\/li>\n\t\t\t\t<\/ul>\n\t\n\n\n<div class=\"wp-block-uagb-container uagb-block-7cd70da3 alignfull uagb-is-root-container\"><div class=\"uagb-container-inner-blocks-wrap\">\n<div class=\"wp-block-uagb-container uagb-block-9352118d\">\n<h4 class=\"wp-block-heading has-text-align-center about-more-pages-title has-text-default-color-color has-text-color has-link-color has-medium-font-size wp-elements-24f1f66a6f35f7645fb9ad86c7041ee9\">Acesse tamb\u00e9m<\/h4>\n<\/div>\n\n\n\n<div class=\"wp-block-uagb-container uagb-block-cfff0005\">\n<ul class=\"wp-block-list about-more-pages-list has-medium-font-size\">\n<li><a href=\"https:\/\/homolog.harald.com.br\/site-2026\/sobre-a-harald\/nosso-codigo-de-conduta\/\">C\u00f3digo de Conduta<\/a><\/li>\n\n\n\n<li><a href=\"https:\/\/homolog.harald.com.br\/site-2026\/politica-de-privacidade\/\">Pol\u00edtica de Privacidade<\/a><\/li>\n\n\n\n<li><a href=\"https:\/\/homolog.harald.com.br\/site-2026\/sobre-a-harald\/politica-de-diversidade\/\">Pol\u00edtica de Diversidade<\/a><\/li>\n\n\n\n<li><a href=\"https:\/\/homolog.harald.com.br\/site-2026\/sobre-a-harald\/politica-de-qualidade\/\">Pol\u00edtica de Qualidade e Seguran\u00e7a de Alimentos<\/a><\/li>\n<\/ul>\n<\/div>\n<\/div><\/div>\n\n\n\n<p><\/p>\n","protected":false},"excerpt":{"rendered":"<p>Em 2024, a Harald completou 42 anos de uma trajet\u00f3ria que come\u00e7ou em 1888, quando Franz Neugebauer, imigrante alem\u00e3o, instalou-se em Porto Alegre, em busca de novas oportunidades, trazendo consigo t\u00e9cnicas e receitas de confeitaria. De imediato, ele percebeu a car\u00eancia no com\u00e9rcio local de doces, compotas e geleias, e, em 1891, com seu irm\u00e3o <a class=\"more-link\" href=\"https:\/\/homolog.harald.com.br\/site-2026\/sobre-a-harald\/\">Read more&#8230;<\/a><\/p>\n","protected":false},"author":1,"featured_media":8442,"parent":0,"menu_order":0,"comment_status":"closed","ping_status":"closed","template":"","meta":{"_acf_changed":false,"_uag_custom_page_level_css":"","footnotes":""},"class_list":["post-8050","page","type-page","status-publish","has-post-thumbnail","hentry"],"acf":[],"yoast_head":"<!-- This site is optimized with the Yoast SEO plugin v26.3 - https:\/\/yoast.com\/wordpress\/plugins\/seo\/ -->\n<title>Quem Somos - Harald<\/title>\n<meta name=\"robots\" content=\"noindex, follow, max-snippet:-1, max-image-preview:large, max-video-preview:-1\" \/>\n<meta property=\"og:locale\" content=\"pt_BR\" \/>\n<meta property=\"og:type\" content=\"article\" \/>\n<meta property=\"og:title\" content=\"Quem Somos - Harald\" \/>\n<meta property=\"og:description\" content=\"Em 2024, a Harald completou 42 anos de uma trajet\u00f3ria que come\u00e7ou em 1888, quando Franz Neugebauer, imigrante alem\u00e3o, instalou-se em Porto Alegre, em busca de novas oportunidades, trazendo consigo t\u00e9cnicas e receitas de confeitaria. De imediato, ele percebeu a car\u00eancia no com\u00e9rcio local de doces, compotas e geleias, e, em 1891, com seu irm\u00e3o Read more...\" \/>\n<meta property=\"og:url\" content=\"https:\/\/homolog.harald.com.br\/site-2026\/sobre-a-harald\/\" \/>\n<meta property=\"og:site_name\" content=\"Harald\" \/>\n<meta property=\"article:publisher\" content=\"https:\/\/www.facebook.com\/HaraldChocolates\/\" \/>\n<meta property=\"article:modified_time\" content=\"2026-02-01T22:10:58+00:00\" \/>\n<meta property=\"og:image\" content=\"https:\/\/homolog.harald.com.br\/site-2026\/wp-content\/uploads\/2022\/07\/pagina-a-harald-cabecalho-scaled.jpg\" \/>\n\t<meta property=\"og:image:width\" content=\"2560\" \/>\n\t<meta property=\"og:image:height\" content=\"1696\" \/>\n\t<meta property=\"og:image:type\" content=\"image\/jpeg\" \/>\n<meta name=\"twitter:card\" content=\"summary_large_image\" \/>\n<meta name=\"twitter:label1\" content=\"Est. tempo de leitura\" \/>\n\t<meta name=\"twitter:data1\" content=\"1 minuto\" \/>\n<script type=\"application\/ld+json\" class=\"yoast-schema-graph\">{\"@context\":\"https:\/\/schema.org\",\"@graph\":[{\"@type\":\"WebPage\",\"@id\":\"https:\/\/homolog.harald.com.br\/site-2026\/sobre-a-harald\/\",\"url\":\"https:\/\/homolog.harald.com.br\/site-2026\/sobre-a-harald\/\",\"name\":\"Quem Somos - Harald\",\"isPartOf\":{\"@id\":\"https:\/\/homolog.harald.com.br\/site-2026\/#website\"},\"primaryImageOfPage\":{\"@id\":\"https:\/\/homolog.harald.com.br\/site-2026\/sobre-a-harald\/#primaryimage\"},\"image\":{\"@id\":\"https:\/\/homolog.harald.com.br\/site-2026\/sobre-a-harald\/#primaryimage\"},\"thumbnailUrl\":\"https:\/\/homolog.harald.com.br\/site-2026\/wp-content\/uploads\/2022\/07\/pagina-a-harald-cabecalho-scaled.jpg\",\"datePublished\":\"2022-06-18T02:22:42+00:00\",\"dateModified\":\"2026-02-01T22:10:58+00:00\",\"breadcrumb\":{\"@id\":\"https:\/\/homolog.harald.com.br\/site-2026\/sobre-a-harald\/#breadcrumb\"},\"inLanguage\":\"pt-BR\",\"potentialAction\":[{\"@type\":\"ReadAction\",\"target\":[\"https:\/\/homolog.harald.com.br\/site-2026\/sobre-a-harald\/\"]}]},{\"@type\":\"ImageObject\",\"inLanguage\":\"pt-BR\",\"@id\":\"https:\/\/homolog.harald.com.br\/site-2026\/sobre-a-harald\/#primaryimage\",\"url\":\"https:\/\/homolog.harald.com.br\/site-2026\/wp-content\/uploads\/2022\/07\/pagina-a-harald-cabecalho-scaled.jpg\",\"contentUrl\":\"https:\/\/homolog.harald.com.br\/site-2026\/wp-content\/uploads\/2022\/07\/pagina-a-harald-cabecalho-scaled.jpg\",\"width\":2560,\"height\":1696},{\"@type\":\"BreadcrumbList\",\"@id\":\"https:\/\/homolog.harald.com.br\/site-2026\/sobre-a-harald\/#breadcrumb\",\"itemListElement\":[{\"@type\":\"ListItem\",\"position\":1,\"name\":\"In\u00edcio\",\"item\":\"https:\/\/homolog.harald.com.br\/site-2026\/\"},{\"@type\":\"ListItem\",\"position\":2,\"name\":\"Quem Somos\"}]},{\"@type\":\"WebSite\",\"@id\":\"https:\/\/homolog.harald.com.br\/site-2026\/#website\",\"url\":\"https:\/\/homolog.harald.com.br\/site-2026\/\",\"name\":\"Harald\",\"description\":\"Fazer melhor \u00e9 fazer com paix\u00e3o\",\"publisher\":{\"@id\":\"https:\/\/homolog.harald.com.br\/site-2026\/#organization\"},\"potentialAction\":[{\"@type\":\"SearchAction\",\"target\":{\"@type\":\"EntryPoint\",\"urlTemplate\":\"https:\/\/homolog.harald.com.br\/site-2026\/?s={search_term_string}\"},\"query-input\":{\"@type\":\"PropertyValueSpecification\",\"valueRequired\":true,\"valueName\":\"search_term_string\"}}],\"inLanguage\":\"pt-BR\"},{\"@type\":\"Organization\",\"@id\":\"https:\/\/homolog.harald.com.br\/site-2026\/#organization\",\"name\":\"Harald\",\"url\":\"https:\/\/homolog.harald.com.br\/site-2026\/\",\"logo\":{\"@type\":\"ImageObject\",\"inLanguage\":\"pt-BR\",\"@id\":\"https:\/\/homolog.harald.com.br\/site-2026\/#\/schema\/logo\/image\/\",\"url\":\"https:\/\/homolog.harald.com.br\/site-2026\/wp-content\/uploads\/2022\/09\/logo-harald-cmyk-ss.png\",\"contentUrl\":\"https:\/\/homolog.harald.com.br\/site-2026\/wp-content\/uploads\/2022\/09\/logo-harald-cmyk-ss.png\",\"width\":1948,\"height\":1051,\"caption\":\"Harald\"},\"image\":{\"@id\":\"https:\/\/homolog.harald.com.br\/site-2026\/#\/schema\/logo\/image\/\"},\"sameAs\":[\"https:\/\/www.facebook.com\/HaraldChocolates\/\",\"https:\/\/www.youtube.com\/user\/HaraldChocolates\"]}]}<\/script>\n<!-- \/ Yoast SEO plugin. -->","yoast_head_json":{"title":"Quem Somos - Harald","robots":{"index":"noindex","follow":"follow","max-snippet":"max-snippet:-1","max-image-preview":"max-image-preview:large","max-video-preview":"max-video-preview:-1"},"og_locale":"pt_BR","og_type":"article","og_title":"Quem Somos - Harald","og_description":"Em 2024, a Harald completou 42 anos de uma trajet\u00f3ria que come\u00e7ou em 1888, quando Franz Neugebauer, imigrante alem\u00e3o, instalou-se em Porto Alegre, em busca de novas oportunidades, trazendo consigo t\u00e9cnicas e receitas de confeitaria. De imediato, ele percebeu a car\u00eancia no com\u00e9rcio local de doces, compotas e geleias, e, em 1891, com seu irm\u00e3o Read more...","og_url":"https:\/\/homolog.harald.com.br\/site-2026\/sobre-a-harald\/","og_site_name":"Harald","article_publisher":"https:\/\/www.facebook.com\/HaraldChocolates\/","article_modified_time":"2026-02-01T22:10:58+00:00","og_image":[{"width":2560,"height":1696,"url":"https:\/\/homolog.harald.com.br\/site-2026\/wp-content\/uploads\/2022\/07\/pagina-a-harald-cabecalho-scaled.jpg","type":"image\/jpeg"}],"twitter_card":"summary_large_image","twitter_misc":{"Est. tempo de leitura":"1 minuto"},"schema":{"@context":"https:\/\/schema.org","@graph":[{"@type":"WebPage","@id":"https:\/\/homolog.harald.com.br\/site-2026\/sobre-a-harald\/","url":"https:\/\/homolog.harald.com.br\/site-2026\/sobre-a-harald\/","name":"Quem Somos - Harald","isPartOf":{"@id":"https:\/\/homolog.harald.com.br\/site-2026\/#website"},"primaryImageOfPage":{"@id":"https:\/\/homolog.harald.com.br\/site-2026\/sobre-a-harald\/#primaryimage"},"image":{"@id":"https:\/\/homolog.harald.com.br\/site-2026\/sobre-a-harald\/#primaryimage"},"thumbnailUrl":"https:\/\/homolog.harald.com.br\/site-2026\/wp-content\/uploads\/2022\/07\/pagina-a-harald-cabecalho-scaled.jpg","datePublished":"2022-06-18T02:22:42+00:00","dateModified":"2026-02-01T22:10:58+00:00","breadcrumb":{"@id":"https:\/\/homolog.harald.com.br\/site-2026\/sobre-a-harald\/#breadcrumb"},"inLanguage":"pt-BR","potentialAction":[{"@type":"ReadAction","target":["https:\/\/homolog.harald.com.br\/site-2026\/sobre-a-harald\/"]}]},{"@type":"ImageObject","inLanguage":"pt-BR","@id":"https:\/\/homolog.harald.com.br\/site-2026\/sobre-a-harald\/#primaryimage","url":"https:\/\/homolog.harald.com.br\/site-2026\/wp-content\/uploads\/2022\/07\/pagina-a-harald-cabecalho-scaled.jpg","contentUrl":"https:\/\/homolog.harald.com.br\/site-2026\/wp-content\/uploads\/2022\/07\/pagina-a-harald-cabecalho-scaled.jpg","width":2560,"height":1696},{"@type":"BreadcrumbList","@id":"https:\/\/homolog.harald.com.br\/site-2026\/sobre-a-harald\/#breadcrumb","itemListElement":[{"@type":"ListItem","position":1,"name":"In\u00edcio","item":"https:\/\/homolog.harald.com.br\/site-2026\/"},{"@type":"ListItem","position":2,"name":"Quem Somos"}]},{"@type":"WebSite","@id":"https:\/\/homolog.harald.com.br\/site-2026\/#website","url":"https:\/\/homolog.harald.com.br\/site-2026\/","name":"Harald","description":"Fazer melhor \u00e9 fazer com paix\u00e3o","publisher":{"@id":"https:\/\/homolog.harald.com.br\/site-2026\/#organization"},"potentialAction":[{"@type":"SearchAction","target":{"@type":"EntryPoint","urlTemplate":"https:\/\/homolog.harald.com.br\/site-2026\/?s={search_term_string}"},"query-input":{"@type":"PropertyValueSpecification","valueRequired":true,"valueName":"search_term_string"}}],"inLanguage":"pt-BR"},{"@type":"Organization","@id":"https:\/\/homolog.harald.com.br\/site-2026\/#organization","name":"Harald","url":"https:\/\/homolog.harald.com.br\/site-2026\/","logo":{"@type":"ImageObject","inLanguage":"pt-BR","@id":"https:\/\/homolog.harald.com.br\/site-2026\/#\/schema\/logo\/image\/","url":"https:\/\/homolog.harald.com.br\/site-2026\/wp-content\/uploads\/2022\/09\/logo-harald-cmyk-ss.png","contentUrl":"https:\/\/homolog.harald.com.br\/site-2026\/wp-content\/uploads\/2022\/09\/logo-harald-cmyk-ss.png","width":1948,"height":1051,"caption":"Harald"},"image":{"@id":"https:\/\/homolog.harald.com.br\/site-2026\/#\/schema\/logo\/image\/"},"sameAs":["https:\/\/www.facebook.com\/HaraldChocolates\/","https:\/\/www.youtube.com\/user\/HaraldChocolates"]}]}},"uagb_featured_image_src":{"full":["https:\/\/homolog.harald.com.br\/site-2026\/wp-content\/uploads\/2022\/07\/pagina-a-harald-cabecalho-scaled.jpg",2560,1696,false],"thumbnail":["https:\/\/homolog.harald.com.br\/site-2026\/wp-content\/uploads\/2022\/07\/pagina-a-harald-cabecalho-150x150.jpg",150,150,true],"medium":["https:\/\/homolog.harald.com.br\/site-2026\/wp-content\/uploads\/2022\/07\/pagina-a-harald-cabecalho-300x199.jpg",300,199,true],"medium_large":["https:\/\/homolog.harald.com.br\/site-2026\/wp-content\/uploads\/2022\/07\/pagina-a-harald-cabecalho-768x509.jpg",768,509,true],"large":["https:\/\/homolog.harald.com.br\/site-2026\/wp-content\/uploads\/2022\/07\/pagina-a-harald-cabecalho-1024x678.jpg",1024,678,true],"1536x1536":["https:\/\/homolog.harald.com.br\/site-2026\/wp-content\/uploads\/2022\/07\/pagina-a-harald-cabecalho-1536x1018.jpg",1536,1018,true],"2048x2048":["https:\/\/homolog.harald.com.br\/site-2026\/wp-content\/uploads\/2022\/07\/pagina-a-harald-cabecalho-2048x1357.jpg",2048,1357,true],"full-width":["https:\/\/homolog.harald.com.br\/site-2026\/wp-content\/uploads\/2022\/07\/pagina-a-harald-cabecalho-scaled.jpg",1630,1080,false],"gform-image-choice-sm":["https:\/\/homolog.harald.com.br\/site-2026\/wp-content\/uploads\/2022\/07\/pagina-a-harald-cabecalho-scaled.jpg",300,199,false],"gform-image-choice-md":["https:\/\/homolog.harald.com.br\/site-2026\/wp-content\/uploads\/2022\/07\/pagina-a-harald-cabecalho-scaled.jpg",400,265,false],"gform-image-choice-lg":["https:\/\/homolog.harald.com.br\/site-2026\/wp-content\/uploads\/2022\/07\/pagina-a-harald-cabecalho-scaled.jpg",600,398,false]},"uagb_author_info":{"display_name":"rafaelfndev","author_link":"https:\/\/homolog.harald.com.br\/site-2026\/blog\/author\/rafaelfndev\/"},"uagb_comment_info":0,"uagb_excerpt":"Em 2024, a Harald completou 42 anos de uma trajet\u00f3ria que come\u00e7ou em 1888, quando Franz Neugebauer, imigrante alem\u00e3o, instalou-se em Porto Alegre, em busca de novas oportunidades, trazendo consigo t\u00e9cnicas e receitas de confeitaria. De imediato, ele percebeu a car\u00eancia no com\u00e9rcio local de doces, compotas e geleias, e, em 1891, com seu irm\u00e3o&hellip;","_links":{"self":[{"href":"https:\/\/homolog.harald.com.br\/site-2026\/wp-json\/wp\/v2\/pages\/8050","targetHints":{"allow":["GET"]}}],"collection":[{"href":"https:\/\/homolog.harald.com.br\/site-2026\/wp-json\/wp\/v2\/pages"}],"about":[{"href":"https:\/\/homolog.harald.com.br\/site-2026\/wp-json\/wp\/v2\/types\/page"}],"author":[{"embeddable":true,"href":"https:\/\/homolog.harald.com.br\/site-2026\/wp-json\/wp\/v2\/users\/1"}],"replies":[{"embeddable":true,"href":"https:\/\/homolog.harald.com.br\/site-2026\/wp-json\/wp\/v2\/comments?post=8050"}],"version-history":[{"count":25,"href":"https:\/\/homolog.harald.com.br\/site-2026\/wp-json\/wp\/v2\/pages\/8050\/revisions"}],"predecessor-version":[{"id":343711,"href":"https:\/\/homolog.harald.com.br\/site-2026\/wp-json\/wp\/v2\/pages\/8050\/revisions\/343711"}],"wp:featuredmedia":[{"embeddable":true,"href":"https:\/\/homolog.harald.com.br\/site-2026\/wp-json\/wp\/v2\/media\/8442"}],"wp:attachment":[{"href":"https:\/\/homolog.harald.com.br\/site-2026\/wp-json\/wp\/v2\/media?parent=8050"}],"curies":[{"name":"wp","href":"https:\/\/api.w.org\/{rel}","templated":true}]}}