{"id":343241,"date":"2026-01-04T12:54:02","date_gmt":"2026-01-04T15:54:02","guid":{"rendered":"https:\/\/homolog.harald.com.br\/site-2026\/?page_id=343241"},"modified":"2026-01-30T08:27:31","modified_gmt":"2026-01-30T11:27:31","slug":"estrutura-industrial","status":"publish","type":"page","link":"https:\/\/homolog.harald.com.br\/site-2026\/sobre-a-harald\/estrutura-industrial\/","title":{"rendered":"Estrutura Industrial"},"content":{"rendered":"\n<p>A Fuji Oil Co. \u00e9 uma multinacional japonesa fundada em 1950 que fornece solu\u00e7\u00f5es em alimentos nos segmentos de \u00f3leos e gorduras vegetais, chocolates, ingredientes emulsionados e fermentados, e ingredientes \u00e0 base de soja.<\/p>\n\n\n\n<p>Com sede em Osaka, no Jap\u00e3o, a companhia \u00e9 composta por 34 empresas presentes em 14 pa\u00edses, com forte presen\u00e7a na \u00c1sia, Europa e Am\u00e9ricas, contando com um quadro de mais de 5.600 colaboradores ao redor do mundo.<\/p>\n\n\n\n<p>Com base em sua filosofia de gest\u00e3o, a Fuji Oil Co. pratica uma gest\u00e3o alicerceada em pr\u00e1ticas ESG, com o objetivo de alcan\u00e7ar neg\u00f3cios cada vez mais sustent\u00e1veis e\/ou que possam promover o crescimento sustent\u00e1vel, por meio de solu\u00e7\u00f5es alimentares \u00e0 base de plantas e incorporando o conceito de Cria\u00e7\u00e3o de Valor Compartilhado (CSV), ou cria\u00e7\u00e3o conjunta de valor econ\u00f4mico e social.<\/p>\n\n\n\n<p>Para conhecer mais sobre a Fuji Oil Co., visite:&nbsp;<a href=\"https:\/\/www.fujioil.co.jp\/en\/\">https:\/\/www.fujioil.co.jp\/en\/<\/a><br>Para saber mais sobre a governan\u00e7a da Fuji Oil Co., visite o guia:&nbsp;<a href=\"https:\/\/www.fujioil.co.jp\/pdf\/en\/ir\/policies_and_systems\/governance\/guidelines.pdf\">https:\/\/www.fujioil.co.jp\/pdf\/en\/ir\/policies_and_systems\/governance\/guidelines.pdf<\/a><\/p>\n\n\n\n<div class=\"wp-block-columns is-layout-flex wp-container-core-columns-is-layout-28f84493 wp-block-columns-is-layout-flex\">\n<div class=\"wp-block-column is-layout-flow wp-block-column-is-layout-flow\"><div class=\"expansible-card\" aria-expanded=\"false\">\n\t<div class=\"card-background\" style=\"background-image: url('https:\/\/homolog.harald.com.br\/site-2026\/wp-content\/uploads\/2026\/01\/compromisso-grupo-fuji-oil.webp')\"><\/div>\n\t<h3 class=\"card-title\">Miss\u00e3o<\/h3>\n\t<div class=\"card-text\" aria-hidden=\"true\"><p>A Fuji Oil Co. busca desenvolver o potencial dos ingredientes aliment\u00edcios, contribuindo com a felicidade e o bem-estar das pessoas, oferecendo alimentos deliciosos e saud\u00e1veis.<\/p>\n<\/div>\n\t<button class=\"card-read-more\"><span>Ler mais<\/span><\/button>\n<\/div>\n<\/div>\n\n\n\n<div class=\"wp-block-column is-layout-flow wp-block-column-is-layout-flow\"><div class=\"expansible-card\" aria-expanded=\"false\">\n\t<div class=\"card-background\" style=\"background-image: url('https:\/\/homolog.harald.com.br\/site-2026\/wp-content\/uploads\/2026\/01\/harald-industrial-structure-vision.webp')\"><\/div>\n\t<h3 class=\"card-title\">Vis\u00e3o<\/h3>\n\t<div class=\"card-text\" aria-hidden=\"true\"><p>Juntamente com as partes interessadas, criaremos um futuro alimentar sustent\u00e1vel a partir de ingredientes deliciosos e saud\u00e1veis \u00e0 base de plantas.<\/p>\n<\/div>\n\t<button class=\"card-read-more\"><span>Ler mais<\/span><\/button>\n<\/div>\n<\/div>\n\n\n\n<div class=\"wp-block-column is-layout-flow wp-block-column-is-layout-flow\"><div class=\"expansible-card\" aria-expanded=\"false\">\n\t<div class=\"card-background\" style=\"background-image: url('https:\/\/homolog.harald.com.br\/site-2026\/wp-content\/uploads\/2026\/01\/harald-industrial-structure-values.webp')\"><\/div>\n\t<h3 class=\"card-title\">Valores<\/h3>\n\t<div class=\"card-text\" aria-hidden=\"true\"><ul>\n<li>Seguran\u00e7a, qualidade e meio ambiente<\/li>\n<li>Trabalho dedicado as pessoas<\/li>\n<li>Desafios e inova\u00e7\u00e3o<\/li>\n<li>Velocidade e percep\u00e7\u00e3o do momento<\/li>\n<\/ul>\n<\/div>\n\t<button class=\"card-read-more\"><span>Ler mais<\/span><\/button>\n<\/div>\n<\/div>\n<\/div>\n","protected":false},"excerpt":{"rendered":"<p>A Fuji Oil Co. \u00e9 uma multinacional japonesa fundada em 1950 que fornece solu\u00e7\u00f5es em alimentos nos segmentos de \u00f3leos e gorduras vegetais, chocolates, ingredientes emulsionados e fermentados, e ingredientes \u00e0 base de soja. Com sede em Osaka, no Jap\u00e3o, a companhia \u00e9 composta por 34 empresas presentes em 14 pa\u00edses, com forte presen\u00e7a na <a class=\"more-link\" href=\"https:\/\/homolog.harald.com.br\/site-2026\/sobre-a-harald\/estrutura-industrial\/\">Read more&#8230;<\/a><\/p>\n","protected":false},"author":9,"featured_media":343248,"parent":8050,"menu_order":0,"comment_status":"closed","ping_status":"closed","template":"","meta":{"_acf_changed":false,"_uag_custom_page_level_css":"","footnotes":""},"class_list":["post-343241","page","type-page","status-publish","has-post-thumbnail","hentry"],"acf":[],"yoast_head":"<!-- This site is optimized with the Yoast SEO plugin v26.3 - https:\/\/yoast.com\/wordpress\/plugins\/seo\/ -->\n<title>Estrutura Industrial - Harald<\/title>\n<meta name=\"robots\" content=\"noindex, follow, max-snippet:-1, max-image-preview:large, max-video-preview:-1\" \/>\n<meta property=\"og:locale\" content=\"pt_BR\" \/>\n<meta property=\"og:type\" content=\"article\" \/>\n<meta property=\"og:title\" content=\"Estrutura Industrial - Harald\" \/>\n<meta property=\"og:description\" content=\"A Fuji Oil Co. \u00e9 uma multinacional japonesa fundada em 1950 que fornece solu\u00e7\u00f5es em alimentos nos segmentos de \u00f3leos e gorduras vegetais, chocolates, ingredientes emulsionados e fermentados, e ingredientes \u00e0 base de soja. Com sede em Osaka, no Jap\u00e3o, a companhia \u00e9 composta por 34 empresas presentes em 14 pa\u00edses, com forte presen\u00e7a na Read more...\" \/>\n<meta property=\"og:url\" content=\"https:\/\/homolog.harald.com.br\/site-2026\/sobre-a-harald\/estrutura-industrial\/\" \/>\n<meta property=\"og:site_name\" content=\"Harald\" \/>\n<meta property=\"article:publisher\" content=\"https:\/\/www.facebook.com\/HaraldChocolates\/\" \/>\n<meta property=\"article:modified_time\" content=\"2026-01-30T11:27:31+00:00\" \/>\n<meta property=\"og:image\" content=\"https:\/\/homolog.harald.com.br\/site-2026\/wp-content\/uploads\/2026\/01\/estrutura-industrial.webp\" \/>\n\t<meta property=\"og:image:width\" content=\"1000\" \/>\n\t<meta property=\"og:image:height\" content=\"400\" \/>\n\t<meta property=\"og:image:type\" content=\"image\/webp\" \/>\n<meta name=\"twitter:card\" content=\"summary_large_image\" \/>\n<meta name=\"twitter:label1\" content=\"Est. tempo de leitura\" \/>\n\t<meta name=\"twitter:data1\" content=\"2 minutos\" \/>\n<script type=\"application\/ld+json\" class=\"yoast-schema-graph\">{\"@context\":\"https:\/\/schema.org\",\"@graph\":[{\"@type\":\"WebPage\",\"@id\":\"https:\/\/homolog.harald.com.br\/site-2026\/sobre-a-harald\/estrutura-industrial\/\",\"url\":\"https:\/\/homolog.harald.com.br\/site-2026\/sobre-a-harald\/estrutura-industrial\/\",\"name\":\"Estrutura Industrial - Harald\",\"isPartOf\":{\"@id\":\"https:\/\/homolog.harald.com.br\/site-2026\/#website\"},\"primaryImageOfPage\":{\"@id\":\"https:\/\/homolog.harald.com.br\/site-2026\/sobre-a-harald\/estrutura-industrial\/#primaryimage\"},\"image\":{\"@id\":\"https:\/\/homolog.harald.com.br\/site-2026\/sobre-a-harald\/estrutura-industrial\/#primaryimage\"},\"thumbnailUrl\":\"https:\/\/homolog.harald.com.br\/site-2026\/wp-content\/uploads\/2026\/01\/estrutura-industrial.webp\",\"datePublished\":\"2026-01-04T15:54:02+00:00\",\"dateModified\":\"2026-01-30T11:27:31+00:00\",\"breadcrumb\":{\"@id\":\"https:\/\/homolog.harald.com.br\/site-2026\/sobre-a-harald\/estrutura-industrial\/#breadcrumb\"},\"inLanguage\":\"pt-BR\",\"potentialAction\":[{\"@type\":\"ReadAction\",\"target\":[\"https:\/\/homolog.harald.com.br\/site-2026\/sobre-a-harald\/estrutura-industrial\/\"]}]},{\"@type\":\"ImageObject\",\"inLanguage\":\"pt-BR\",\"@id\":\"https:\/\/homolog.harald.com.br\/site-2026\/sobre-a-harald\/estrutura-industrial\/#primaryimage\",\"url\":\"https:\/\/homolog.harald.com.br\/site-2026\/wp-content\/uploads\/2026\/01\/estrutura-industrial.webp\",\"contentUrl\":\"https:\/\/homolog.harald.com.br\/site-2026\/wp-content\/uploads\/2026\/01\/estrutura-industrial.webp\",\"width\":1000,\"height\":400},{\"@type\":\"BreadcrumbList\",\"@id\":\"https:\/\/homolog.harald.com.br\/site-2026\/sobre-a-harald\/estrutura-industrial\/#breadcrumb\",\"itemListElement\":[{\"@type\":\"ListItem\",\"position\":1,\"name\":\"In\u00edcio\",\"item\":\"https:\/\/homolog.harald.com.br\/site-2026\/\"},{\"@type\":\"ListItem\",\"position\":2,\"name\":\"Quem Somos\",\"item\":\"https:\/\/homolog.harald.com.br\/site-2026\/sobre-a-harald\/\"},{\"@type\":\"ListItem\",\"position\":3,\"name\":\"Estrutura Industrial\"}]},{\"@type\":\"WebSite\",\"@id\":\"https:\/\/homolog.harald.com.br\/site-2026\/#website\",\"url\":\"https:\/\/homolog.harald.com.br\/site-2026\/\",\"name\":\"Harald\",\"description\":\"Fazer melhor \u00e9 fazer com paix\u00e3o\",\"publisher\":{\"@id\":\"https:\/\/homolog.harald.com.br\/site-2026\/#organization\"},\"potentialAction\":[{\"@type\":\"SearchAction\",\"target\":{\"@type\":\"EntryPoint\",\"urlTemplate\":\"https:\/\/homolog.harald.com.br\/site-2026\/?s={search_term_string}\"},\"query-input\":{\"@type\":\"PropertyValueSpecification\",\"valueRequired\":true,\"valueName\":\"search_term_string\"}}],\"inLanguage\":\"pt-BR\"},{\"@type\":\"Organization\",\"@id\":\"https:\/\/homolog.harald.com.br\/site-2026\/#organization\",\"name\":\"Harald\",\"url\":\"https:\/\/homolog.harald.com.br\/site-2026\/\",\"logo\":{\"@type\":\"ImageObject\",\"inLanguage\":\"pt-BR\",\"@id\":\"https:\/\/homolog.harald.com.br\/site-2026\/#\/schema\/logo\/image\/\",\"url\":\"https:\/\/homolog.harald.com.br\/site-2026\/wp-content\/uploads\/2022\/09\/logo-harald-cmyk-ss.png\",\"contentUrl\":\"https:\/\/homolog.harald.com.br\/site-2026\/wp-content\/uploads\/2022\/09\/logo-harald-cmyk-ss.png\",\"width\":1948,\"height\":1051,\"caption\":\"Harald\"},\"image\":{\"@id\":\"https:\/\/homolog.harald.com.br\/site-2026\/#\/schema\/logo\/image\/\"},\"sameAs\":[\"https:\/\/www.facebook.com\/HaraldChocolates\/\",\"https:\/\/www.youtube.com\/user\/HaraldChocolates\"]}]}<\/script>\n<!-- \/ Yoast SEO plugin. -->","yoast_head_json":{"title":"Estrutura Industrial - Harald","robots":{"index":"noindex","follow":"follow","max-snippet":"max-snippet:-1","max-image-preview":"max-image-preview:large","max-video-preview":"max-video-preview:-1"},"og_locale":"pt_BR","og_type":"article","og_title":"Estrutura Industrial - Harald","og_description":"A Fuji Oil Co. \u00e9 uma multinacional japonesa fundada em 1950 que fornece solu\u00e7\u00f5es em alimentos nos segmentos de \u00f3leos e gorduras vegetais, chocolates, ingredientes emulsionados e fermentados, e ingredientes \u00e0 base de soja. Com sede em Osaka, no Jap\u00e3o, a companhia \u00e9 composta por 34 empresas presentes em 14 pa\u00edses, com forte presen\u00e7a na Read more...","og_url":"https:\/\/homolog.harald.com.br\/site-2026\/sobre-a-harald\/estrutura-industrial\/","og_site_name":"Harald","article_publisher":"https:\/\/www.facebook.com\/HaraldChocolates\/","article_modified_time":"2026-01-30T11:27:31+00:00","og_image":[{"width":1000,"height":400,"url":"https:\/\/homolog.harald.com.br\/site-2026\/wp-content\/uploads\/2026\/01\/estrutura-industrial.webp","type":"image\/webp"}],"twitter_card":"summary_large_image","twitter_misc":{"Est. tempo de leitura":"2 minutos"},"schema":{"@context":"https:\/\/schema.org","@graph":[{"@type":"WebPage","@id":"https:\/\/homolog.harald.com.br\/site-2026\/sobre-a-harald\/estrutura-industrial\/","url":"https:\/\/homolog.harald.com.br\/site-2026\/sobre-a-harald\/estrutura-industrial\/","name":"Estrutura Industrial - Harald","isPartOf":{"@id":"https:\/\/homolog.harald.com.br\/site-2026\/#website"},"primaryImageOfPage":{"@id":"https:\/\/homolog.harald.com.br\/site-2026\/sobre-a-harald\/estrutura-industrial\/#primaryimage"},"image":{"@id":"https:\/\/homolog.harald.com.br\/site-2026\/sobre-a-harald\/estrutura-industrial\/#primaryimage"},"thumbnailUrl":"https:\/\/homolog.harald.com.br\/site-2026\/wp-content\/uploads\/2026\/01\/estrutura-industrial.webp","datePublished":"2026-01-04T15:54:02+00:00","dateModified":"2026-01-30T11:27:31+00:00","breadcrumb":{"@id":"https:\/\/homolog.harald.com.br\/site-2026\/sobre-a-harald\/estrutura-industrial\/#breadcrumb"},"inLanguage":"pt-BR","potentialAction":[{"@type":"ReadAction","target":["https:\/\/homolog.harald.com.br\/site-2026\/sobre-a-harald\/estrutura-industrial\/"]}]},{"@type":"ImageObject","inLanguage":"pt-BR","@id":"https:\/\/homolog.harald.com.br\/site-2026\/sobre-a-harald\/estrutura-industrial\/#primaryimage","url":"https:\/\/homolog.harald.com.br\/site-2026\/wp-content\/uploads\/2026\/01\/estrutura-industrial.webp","contentUrl":"https:\/\/homolog.harald.com.br\/site-2026\/wp-content\/uploads\/2026\/01\/estrutura-industrial.webp","width":1000,"height":400},{"@type":"BreadcrumbList","@id":"https:\/\/homolog.harald.com.br\/site-2026\/sobre-a-harald\/estrutura-industrial\/#breadcrumb","itemListElement":[{"@type":"ListItem","position":1,"name":"In\u00edcio","item":"https:\/\/homolog.harald.com.br\/site-2026\/"},{"@type":"ListItem","position":2,"name":"Quem Somos","item":"https:\/\/homolog.harald.com.br\/site-2026\/sobre-a-harald\/"},{"@type":"ListItem","position":3,"name":"Estrutura Industrial"}]},{"@type":"WebSite","@id":"https:\/\/homolog.harald.com.br\/site-2026\/#website","url":"https:\/\/homolog.harald.com.br\/site-2026\/","name":"Harald","description":"Fazer melhor \u00e9 fazer com paix\u00e3o","publisher":{"@id":"https:\/\/homolog.harald.com.br\/site-2026\/#organization"},"potentialAction":[{"@type":"SearchAction","target":{"@type":"EntryPoint","urlTemplate":"https:\/\/homolog.harald.com.br\/site-2026\/?s={search_term_string}"},"query-input":{"@type":"PropertyValueSpecification","valueRequired":true,"valueName":"search_term_string"}}],"inLanguage":"pt-BR"},{"@type":"Organization","@id":"https:\/\/homolog.harald.com.br\/site-2026\/#organization","name":"Harald","url":"https:\/\/homolog.harald.com.br\/site-2026\/","logo":{"@type":"ImageObject","inLanguage":"pt-BR","@id":"https:\/\/homolog.harald.com.br\/site-2026\/#\/schema\/logo\/image\/","url":"https:\/\/homolog.harald.com.br\/site-2026\/wp-content\/uploads\/2022\/09\/logo-harald-cmyk-ss.png","contentUrl":"https:\/\/homolog.harald.com.br\/site-2026\/wp-content\/uploads\/2022\/09\/logo-harald-cmyk-ss.png","width":1948,"height":1051,"caption":"Harald"},"image":{"@id":"https:\/\/homolog.harald.com.br\/site-2026\/#\/schema\/logo\/image\/"},"sameAs":["https:\/\/www.facebook.com\/HaraldChocolates\/","https:\/\/www.youtube.com\/user\/HaraldChocolates"]}]}},"uagb_featured_image_src":{"full":["https:\/\/homolog.harald.com.br\/site-2026\/wp-content\/uploads\/2026\/01\/estrutura-industrial.webp",1000,400,false],"thumbnail":["https:\/\/homolog.harald.com.br\/site-2026\/wp-content\/uploads\/2026\/01\/estrutura-industrial-150x150.webp",150,150,true],"medium":["https:\/\/homolog.harald.com.br\/site-2026\/wp-content\/uploads\/2026\/01\/estrutura-industrial-300x120.webp",300,120,true],"medium_large":["https:\/\/homolog.harald.com.br\/site-2026\/wp-content\/uploads\/2026\/01\/estrutura-industrial-768x307.webp",768,307,true],"large":["https:\/\/homolog.harald.com.br\/site-2026\/wp-content\/uploads\/2026\/01\/estrutura-industrial.webp",1000,400,false],"1536x1536":["https:\/\/homolog.harald.com.br\/site-2026\/wp-content\/uploads\/2026\/01\/estrutura-industrial.webp",1000,400,false],"2048x2048":["https:\/\/homolog.harald.com.br\/site-2026\/wp-content\/uploads\/2026\/01\/estrutura-industrial.webp",1000,400,false],"full-width":["https:\/\/homolog.harald.com.br\/site-2026\/wp-content\/uploads\/2026\/01\/estrutura-industrial.webp",1000,400,false],"gform-image-choice-sm":["https:\/\/homolog.harald.com.br\/site-2026\/wp-content\/uploads\/2026\/01\/estrutura-industrial.webp",300,120,false],"gform-image-choice-md":["https:\/\/homolog.harald.com.br\/site-2026\/wp-content\/uploads\/2026\/01\/estrutura-industrial.webp",400,160,false],"gform-image-choice-lg":["https:\/\/homolog.harald.com.br\/site-2026\/wp-content\/uploads\/2026\/01\/estrutura-industrial.webp",600,240,false]},"uagb_author_info":{"display_name":"CROWD","author_link":"https:\/\/homolog.harald.com.br\/site-2026\/blog\/author\/crowd\/"},"uagb_comment_info":0,"uagb_excerpt":"A Fuji Oil Co. \u00e9 uma multinacional japonesa fundada em 1950 que fornece solu\u00e7\u00f5es em alimentos nos segmentos de \u00f3leos e gorduras vegetais, chocolates, ingredientes emulsionados e fermentados, e ingredientes \u00e0 base de soja. Com sede em Osaka, no Jap\u00e3o, a companhia \u00e9 composta por 34 empresas presentes em 14 pa\u00edses, com forte presen\u00e7a na&hellip;","_links":{"self":[{"href":"https:\/\/homolog.harald.com.br\/site-2026\/wp-json\/wp\/v2\/pages\/343241","targetHints":{"allow":["GET"]}}],"collection":[{"href":"https:\/\/homolog.harald.com.br\/site-2026\/wp-json\/wp\/v2\/pages"}],"about":[{"href":"https:\/\/homolog.harald.com.br\/site-2026\/wp-json\/wp\/v2\/types\/page"}],"author":[{"embeddable":true,"href":"https:\/\/homolog.harald.com.br\/site-2026\/wp-json\/wp\/v2\/users\/9"}],"replies":[{"embeddable":true,"href":"https:\/\/homolog.harald.com.br\/site-2026\/wp-json\/wp\/v2\/comments?post=343241"}],"version-history":[{"count":4,"href":"https:\/\/homolog.harald.com.br\/site-2026\/wp-json\/wp\/v2\/pages\/343241\/revisions"}],"predecessor-version":[{"id":343709,"href":"https:\/\/homolog.harald.com.br\/site-2026\/wp-json\/wp\/v2\/pages\/343241\/revisions\/343709"}],"up":[{"embeddable":true,"href":"https:\/\/homolog.harald.com.br\/site-2026\/wp-json\/wp\/v2\/pages\/8050"}],"wp:featuredmedia":[{"embeddable":true,"href":"https:\/\/homolog.harald.com.br\/site-2026\/wp-json\/wp\/v2\/media\/343248"}],"wp:attachment":[{"href":"https:\/\/homolog.harald.com.br\/site-2026\/wp-json\/wp\/v2\/media?parent=343241"}],"curies":[{"name":"wp","href":"https:\/\/api.w.org\/{rel}","templated":true}]}}